{"id":270,"date":"2024-07-03T21:15:13","date_gmt":"2024-07-03T21:15:13","guid":{"rendered":"https:\/\/voiletetreault.ca\/index.php\/cours-quillard\/"},"modified":"2024-07-03T21:15:21","modified_gmt":"2024-07-03T21:15:21","slug":"cours-quillard","status":"publish","type":"page","link":"https:\/\/voiletetreault.ca\/index.php\/cours-quillard\/","title":{"rendered":"Cours &#8211; Quillard"},"content":{"rendered":"\n  \n    <section class=\"u-align-left u-clearfix u-image u-shading u-section-1\" src=\"\" data-image-width=\"1440\" data-image-height=\"1080\" id=\"sec-ff67\" style=\"background-image: linear-gradient(0deg, rgba(0, 0, 0, 0.05), rgba(0, 0, 0, 0.05)), url(&quot;https:\/\/voiletetreault.ca\/wp-content\/uploads\/2024\/07\/DSC00418.jpg&quot;);\">\n      <div class=\"u-clearfix u-sheet u-sheet-1\">\n        <h1 class=\"u-text u-text-default u-title u-text-1\"> Cours de voile<\/h1>\n        <h2 class=\"u-subtitle u-text u-text-2\"> Quillard (Voile croisi\u00e8re)<\/h2>\n      <\/div>\n    <\/section>\n    <section class=\"u-align-left u-clearfix u-palette-1-base u-section-2\" id=\"sec-9e69\">\n      <div class=\"u-clearfix u-sheet u-sheet-1\">\n        <div class=\"fr-view u-clearfix u-rich-text u-text u-text-1\">\n          <h2>\n            <span style=\"font-size: 3rem;\">\n              <span class=\"u-text-palette-3-base\">Initiation \u00e0 la voile croisi\u00e8re<\/span>\n            <\/span>\n          <\/h2>\n          <h3>Cours<\/h3>\n          <p>\n            <span style=\"font-weight: 700;\">Aucun pr\u00e9-requis, pour d\u00e9butant.<\/span>\n            <br style=\"color: rgb(0, 0, 0); font-family: Arial, Helvetica, sans-serif; font-size: 12px; font-style: normal; font-variant-ligatures: normal; font-variant-caps: normal; font-weight: 400; letter-spacing: normal; orphans: 2; text-align: left; text-indent: 0px; text-transform: none; white-space: normal; widows: 2; word-spacing: 0px; -webkit-text-stroke-width: 0px; text-decoration-thickness: initial; text-decoration-style: initial; text-decoration-color: initial;\" id=\"isPasted\">Cours s'adressant \u00e0 toute personne d\u00e9sirant s'initier \u00e0 la voile sur voilier de type quillard habitable.<br style=\"color: rgb(0, 0, 0); font-family: Arial, Helvetica, sans-serif; font-size: 12px; font-style: normal; font-variant-ligatures: normal; font-variant-caps: normal; font-weight: 400; letter-spacing: normal; orphans: 2; text-align: left; text-indent: 0px; text-transform: none; white-space: normal; widows: 2; word-spacing: 0px; -webkit-text-stroke-width: 0px; text-decoration-thickness: initial; text-decoration-style: initial; text-decoration-color: initial;\">Formation ax\u00e9e principalement sur la pratique de man\u0153uvres sur l'eau avec certains \u00e9l\u00e9ments th\u00e9oriques d\u00e9montr\u00e9s \u00e0 terre en classe.<br style=\"color: rgb(0, 0, 0); font-family: Arial, Helvetica, sans-serif; font-size: 12px; font-style: normal; font-variant-ligatures: normal; font-variant-caps: normal; font-weight: 400; letter-spacing: normal; orphans: 2; text-align: left; text-indent: 0px; text-transform: none; white-space: normal; widows: 2; word-spacing: 0px; -webkit-text-stroke-width: 0px; text-decoration-thickness: initial; text-decoration-style: initial; text-decoration-color: initial;\">\n            <span style=\"font-weight: 700;\">Cette formation est pr\u00e9paratoire pour l'obtention du brevet de croisi\u00e8re \u00e9l\u00e9mentaire FVQ\/Voile canada.<\/span>\n          <\/p>\n          <h3>Contenu du cours<\/h3>\n          <ul>\n            <li>Matelotage et gr\u00e9ement<\/li>\n            <li>Terminologie et th\u00e9orie de la voile&nbsp;<\/li>\n            <li>S\u00e9curit\u00e9 nautique et r\u00e8gles de route<\/li>\n            <li>Initiation \u00e0 la lecture de carte marine<\/li>\n            <li>Initiation \u00e0 la m\u00e9t\u00e9o marine<\/li>\n            <li>Virement de bord et empannage<\/li>\n            <li>Explications, d\u00e9monstrations et exercices sur l'eau des diff\u00e9rentes<\/li>\n            <li>Man\u0153uvres et allures<\/li>\n            <li>Pratique de toutes les man\u0153uvres sur l'eau<\/li>\n            <li>Man\u0153uvres au moteur, \u00e0 quai et au mouillage<\/li>\n            <li>Prise de coffre et ancrage<\/li>\n            <li>R\u00e9cup\u00e9ration d'un homme \u00e0 la mer<\/li>\n            <li>Prise de ris (r\u00e9duction de voilure)<\/li>\n            <li>Entretien du bateau et des voiles<\/li>\n            <li>Conseils pratiques pour l'inspection et l'achat d'un voilier<\/li>\n            <li>\u00c9valuations pratiques sur l'eau et th\u00e9oriques<\/li>\n            <li>Petits travaux th\u00e9oriques \u00e0 compl\u00e9ter \u00e0 la maison<\/li>\n          <\/ul>\n          <h3>Documentation incluse<\/h3>\n          <ul>\n            <li style=\"font-weight: 700;\">&nbsp;Livre : \u00abInitiation \u00e0 la voile croisi\u00e8re\u00bb (FVQ\/Voile Canada)<\/li>\n            <li>Travail de r\u00e9vision \u00e0 compl\u00e9ter \u00e0 la maison&nbsp;<\/li>\n            <li id=\"isPasted\">Livret international de certification voile croisi\u00e8re (FVQ\/Voile Canada)<\/li>\n          <\/ul>\n          <h3>Certification possible<\/h3>\n          <p id=\"isPasted\">Attestation de participation au cours pr\u00e9paratoire menant \u00e0 l'obtention du brevet de croisi\u00e8re \u00e9l\u00e9mentaire inscrite au livret avec mention de barreur ou d'\u00e9quipier selon le niveau atteint.<\/p>\n          <p>\n            <span style=\"font-weight: 700;\">Les candidats ayant suivi notre cours de base et d\u00e9tenant notre attestation de barreur peuvent louer nos voiliers en conditions normales de navigation.<\/span>\n          <\/p>\n          <p>\n            <br>\n          <\/p>\n        <\/div>\n      <\/div>\n    <\/section>\n    <section class=\"u-align-left u-clearfix u-palette-1-base u-section-3\" id=\"carousel_ea3a\">\n      <div class=\"u-clearfix u-sheet u-sheet-1\">\n        <div class=\"fr-view u-clearfix u-rich-text u-text u-text-1\">\n          <h2>\n            <span style=\"font-size: 3rem;\">\n              <span class=\"u-text-palette-3-base\">Brevet de croisi\u00e8re \u00e9l\u00e9mentaire<\/span>\n            <\/span>\n          <\/h2>\n          <h3>Certification FVQ\/Voile Canada<\/h3>\n          <p>\n            <span style=\"font-size: 1.125rem;\">Le brevet de croisi\u00e8re \u00e9l\u00e9mentaire s'obtient en 3 \u00e9tapes:<\/span>\n          <\/p>\n          <ol>\n            <li>Suivre notre formation d'initiation \u00e0 la voile croisi\u00e8re (cours de base);<\/li>\n            <li>Participer \u00e0 une journ\u00e9e suppl\u00e9mentaire sur l'eau de formation pratique, de r\u00e9vision et d'\u00e9valuation de man\u0153uvres r\u00e9ussir l'\u00e9valuation des manoeuvres lors de cette journ\u00e9e;<\/li>\n            <li>R\u00e9ussir un examen th\u00e9orique avec une note de passage de 70%.<\/li>\n          <\/ol>\n          <p style=\"text-align: left;\">Dur\u00e9e totale de la formation pour l'obtention du brevet : 32 heures (cours de base de 24 heures + 8 heures additionnelles environ de formation, r\u00e9vision, \u00e9valuations pratique et th\u00e9orique avec instructeur)<\/p>\n          <p style=\"text-align: left;\">Pour obtenir ce brevet il faut aussi pr\u00e9voir du temps d'\u00e9tude \u00e0 la maison ainsi que quelques sorties \u00e0 la voile entre le cours de base et l'\u00e9valuation pratique.<\/p>\n          <h3 style=\"text-align: left;\">Certification remise<\/h3>\n          <p>Brevet de croisi\u00e8re \u00e9l\u00e9mentaire pour un participant autonome ou brevet d'\u00e9quipier de croisi\u00e8re pour un participant qui doit \u00eatre guid\u00e9 par un chef de bord exp\u00e9riment\u00e9.&nbsp;<\/p>\n          <p>\n            <br>\n          <\/p>\n        <\/div>\n      <\/div>\n    <\/section>\n    <section class=\"u-align-center u-clearfix u-section-4\" id=\"sec-2b2f\">\n      <div class=\"u-clearfix u-sheet u-valign-middle u-sheet-1\">\n        <h2 class=\"u-text u-text-default u-text-1\">Envie de d\u00e9buter ?<\/h2>\n        <a href=\"https:\/\/voiletetreault.ca\/index.php\/cours-tarifs\/#sec-f896\" class=\"u-border-none u-btn u-button-style u-palette-3-base u-btn-1\">tarifs et conditions<\/a>\n      <\/div>\n    <\/section>\n    \n    \n    \n    \n  \n","protected":false},"excerpt":{"rendered":"<p>Cours de voile Quillard (Voile croisi\u00e8re) Initiation \u00e0 la voile croisi\u00e8re Cours Aucun pr\u00e9-requis, pour d\u00e9butant. Cours s&rsquo;adressant \u00e0 toute personne d\u00e9sirant s&rsquo;initier \u00e0 la voile sur voilier de type quillard habitable.Formation ax\u00e9e principalement sur la pratique de man\u0153uvres sur l&rsquo;eau avec certains \u00e9l\u00e9ments th\u00e9oriques d\u00e9montr\u00e9s \u00e0 terre en classe. Cette formation est pr\u00e9paratoire pour &hellip; <a href=\"https:\/\/voiletetreault.ca\/index.php\/cours-quillard\/\" class=\"more-link\">Continue reading<span class=\"screen-reader-text\"> \u00ab\u00a0Cours &#8211; Quillard\u00a0\u00bb<\/span><\/a><\/p>\n","protected":false},"author":1,"featured_media":0,"parent":0,"menu_order":10,"comment_status":"closed","ping_status":"closed","template":"","meta":{"footnotes":""},"class_list":["post-270","page","type-page","status-publish","hentry"],"_links":{"self":[{"href":"https:\/\/voiletetreault.ca\/index.php\/wp-json\/wp\/v2\/pages\/270","targetHints":{"allow":["GET"]}}],"collection":[{"href":"https:\/\/voiletetreault.ca\/index.php\/wp-json\/wp\/v2\/pages"}],"about":[{"href":"https:\/\/voiletetreault.ca\/index.php\/wp-json\/wp\/v2\/types\/page"}],"author":[{"embeddable":true,"href":"https:\/\/voiletetreault.ca\/index.php\/wp-json\/wp\/v2\/users\/1"}],"replies":[{"embeddable":true,"href":"https:\/\/voiletetreault.ca\/index.php\/wp-json\/wp\/v2\/comments?post=270"}],"version-history":[{"count":1,"href":"https:\/\/voiletetreault.ca\/index.php\/wp-json\/wp\/v2\/pages\/270\/revisions"}],"predecessor-version":[{"id":285,"href":"https:\/\/voiletetreault.ca\/index.php\/wp-json\/wp\/v2\/pages\/270\/revisions\/285"}],"wp:attachment":[{"href":"https:\/\/voiletetreault.ca\/index.php\/wp-json\/wp\/v2\/media?parent=270"}],"curies":[{"name":"wp","href":"https:\/\/api.w.org\/{rel}","templated":true}]}}