{"id":261,"date":"2024-07-03T21:15:04","date_gmt":"2024-07-03T21:15:04","guid":{"rendered":"https:\/\/voiletetreault.ca\/index.php\/cours-apprendre-la-voile\/"},"modified":"2024-07-22T14:13:03","modified_gmt":"2024-07-22T14:13:03","slug":"cours-apprendre-la-voile","status":"publish","type":"page","link":"https:\/\/voiletetreault.ca\/index.php\/cours-apprendre-la-voile\/","title":{"rendered":"Cours &#8211; Apprendre la voile"},"content":{"rendered":"\n    \n    <section class=\"u-clearfix u-image u-section-2\" src=\"\" id=\"carousel_20a0\" data-image-width=\"1440\" data-image-height=\"1080\" style=\"background-image: url(&quot;https:\/\/voiletetreault.ca\/wp-content\/uploads\/2024\/07\/LUDOVICt2019006.jpg&quot;);\">\n      <div class=\"u-clearfix u-sheet u-valign-middle-md u-valign-middle-xl u-sheet-1\">\n        <div class=\"u-align-left u-container-style u-group u-palette-4-base u-group-1\">\n          <div class=\"u-container-layout u-container-layout-1\">\n            <h2 class=\"u-text u-text-1\">Un monde s'ouvre \u00e0 vous !<\/h2>\n            <p class=\"u-large-text u-text u-text-variant u-text-2\">L'apprentissage de la voile est un long escalier que l'on gravite avec l'exp\u00e9rience et le temps. En d\u00e9butant votre parcours avec une formation reconnue vous vous offrez une solide fondation. Vous y d\u00e9couvrirez une activit\u00e9 stimulante et croiserez des gens inspirants.<\/p>\n          <\/div>\n        <\/div>\n      <\/div>\n    <\/section>\n    <section class=\"u-align-center u-clearfix u-section-3\" id=\"sec-a320\">\n      <div class=\"u-align-center u-clearfix u-sheet u-valign-middle u-sheet-1\">\n        <h2 class=\"u-text u-text-default u-text-1\">Besoin de perfectionnement ?<\/h2>\n        <p class=\"u-text u-text-2\"> Pour perfectionner certaines man\u0153uvres ou apprendre des man\u0153uvres plus avanc\u00e9es en cours priv\u00e9 ou en groupe d\u00e9couvrez nos cours sp\u00e9ciaux.<\/p>\n        <a href=\"https:\/\/voiletetreault.ca\/index.php\/cours-speciaux\/\" class=\"u-btn u-button-style u-hover-palette-1-dark-1 u-palette-1-base u-btn-1\">En savoir plus<\/a>\n      <\/div>\n    <\/section>\n    <section class=\"u-clearfix u-palette-3-base u-section-4\" id=\"carousel_d614\">\n      <div class=\"u-clearfix u-sheet u-valign-middle-xl u-valign-middle-xxl u-sheet-1\">\n        <div class=\"u-palette-1-base u-shape u-shape-rectangle u-shape-1\"><\/div>\n        <div class=\"u-clearfix u-gutter-0 u-layout-wrap u-layout-wrap-1\">\n          <div class=\"u-layout\">\n            <div class=\"u-layout-row\">\n              <div class=\"u-size-36\">\n                <div class=\"u-layout-col\">\n                  <div class=\"u-container-style u-image u-layout-cell u-size-60 u-image-1\" data-image-width=\"1440\" data-image-height=\"1080\" style=\"background-image: url(&quot;https:\/\/voiletetreault.ca\/wp-content\/uploads\/2024\/07\/essaie2t15024.jpg&quot;);\">\n                    <div class=\"u-container-layout u-valign-middle-sm u-valign-middle-xs u-container-layout-1\"><\/div>\n                  <\/div>\n                <\/div>\n              <\/div>\n              <div class=\"u-size-24\">\n                <div class=\"u-layout-col\">\n                  <div class=\"u-container-style u-layout-cell u-size-60 u-white u-layout-cell-2\">\n                    <div class=\"u-container-layout u-valign-top-lg u-valign-top-md u-valign-top-sm u-valign-top-xs u-container-layout-2\">\n                      <h3 class=\"u-text u-text-palette-3-base u-text-1\">Cours d\u00e9riveur<\/h3>\n                      <p class=\"u-text u-text-2\">Vous avez envie de jouer dans l'eau tout en pratiquant un sport grisant? La voile sur d\u00e9riveur s'adresse \u00e0 tout ceux qui ont envie de bouger et de d\u00e9couvrir de nouvelles sensations. Dans ce cours vous apprendrez toutes les bases de ce sport sur une flotte de bateaux bien entretenue et dans un cadre s\u00e9curitaire.&nbsp;<\/p>\n                      <a href=\"https:\/\/voiletetreault.ca\/index.php\/cours-deriveurs\/\" class=\"u-active-none u-border-1 u-border-active-black u-border-hover-black u-border-no-left u-border-no-right u-border-no-top u-border-palette-1-base u-btn u-button-style u-hover-none u-none u-text-body-color u-btn-1\">Plus d'informations<\/a>\n                    <\/div>\n                  <\/div>\n                <\/div>\n              <\/div>\n            <\/div>\n          <\/div>\n        <\/div>\n      <\/div>\n    <\/section>\n    <section class=\"u-clearfix u-palette-1-base u-section-5\" id=\"carousel_473a\">\n      <div class=\"u-clearfix u-sheet u-valign-middle-xs u-sheet-1\">\n        <div class=\"u-palette-3-base u-shape u-shape-rectangle u-shape-1\"><\/div>\n        <div class=\"u-clearfix u-layout-wrap u-layout-wrap-1\">\n          <div class=\"u-layout\">\n            <div class=\"u-layout-row\">\n              <div class=\"u-size-36\">\n                <div class=\"u-layout-col\">\n                  <div class=\"u-container-style u-image u-layout-cell u-size-60 u-image-1\" data-image-width=\"1440\" data-image-height=\"1080\" style=\"background-image: url(&quot;https:\/\/voiletetreault.ca\/wp-content\/uploads\/2024\/07\/Ecolevoileaot2013004.jpg&quot;);\">\n                    <div class=\"u-container-layout u-valign-middle-sm u-valign-middle-xs u-container-layout-1\"><\/div>\n                  <\/div>\n                <\/div>\n              <\/div>\n              <div class=\"u-size-24\">\n                <div class=\"u-layout-col\">\n                  <div class=\"u-container-style u-layout-cell u-size-60 u-white u-layout-cell-2\">\n                    <div class=\"u-container-layout u-valign-middle u-container-layout-2\">\n                      <h3 class=\"u-text u-text-palette-1-base u-text-1\">Cours quillard<\/h3>\n                      <p class=\"u-text u-text-2\">Ce cours s'adresse \u00e0 tout les d\u00e9butants qui ont envie de s'initier \u00e0 la voile croisi\u00e8re. Vous y apprendrez les bases des manoeuvres \u00e0 voile vous permetant de profiter de ce sport de fa\u00e7on s\u00e9curitaire. Cette formation pratique m\u00e8ne \u00e0 l'obtention du brevet de voile \u00e9l\u00e9mentaire. (FVQ\/Voile Canada)<\/p>\n                      <a href=\"https:\/\/voiletetreault.ca\/index.php\/cours-quillard\/\" class=\"u-active-none u-border-1 u-border-active-black u-border-hover-black u-border-no-left u-border-no-right u-border-no-top u-border-palette-1-base u-btn u-button-style u-hover-none u-none u-text-body-color u-btn-1\">Plus d'informations<br>\n                      <\/a>\n                    <\/div>\n                  <\/div>\n                <\/div>\n              <\/div>\n            <\/div>\n          <\/div>\n        <\/div>\n      <\/div>\n    <\/section>\n    <section class=\"u-align-center u-clearfix u-palette-3-base u-section-6\" id=\"sec-7d1f\">\n      <div class=\"u-clearfix u-sheet u-sheet-1\">\n        <h2 class=\"u-text u-text-default u-text-1\">Vous souhaitez d\u00e9buter ?<\/h2>\n        <a href=\"https:\/\/voiletetreault.ca\/index.php\/cours-inscription\/\" class=\"u-border-none u-btn u-button-style u-btn-1\">comment s'inscrire<\/a>\n      <\/div>\n    <\/section>\n    \n    \n    \n  \n","protected":false},"excerpt":{"rendered":"<p>Un monde s&rsquo;ouvre \u00e0 vous ! L&rsquo;apprentissage de la voile est un long escalier que l&rsquo;on gravite avec l&rsquo;exp\u00e9rience et le temps. En d\u00e9butant votre parcours avec une formation reconnue vous vous offrez une solide fondation. Vous y d\u00e9couvrirez une activit\u00e9 stimulante et croiserez des gens inspirants. Besoin de perfectionnement ? Pour perfectionner certaines man\u0153uvres &hellip; <a href=\"https:\/\/voiletetreault.ca\/index.php\/cours-apprendre-la-voile\/\" class=\"more-link\">Continue reading<span class=\"screen-reader-text\"> \u00ab\u00a0Cours &#8211; Apprendre la voile\u00a0\u00bb<\/span><\/a><\/p>\n","protected":false},"author":1,"featured_media":0,"parent":0,"menu_order":1,"comment_status":"closed","ping_status":"closed","template":"","meta":{"footnotes":""},"class_list":["post-261","page","type-page","status-publish","hentry"],"_links":{"self":[{"href":"https:\/\/voiletetreault.ca\/index.php\/wp-json\/wp\/v2\/pages\/261","targetHints":{"allow":["GET"]}}],"collection":[{"href":"https:\/\/voiletetreault.ca\/index.php\/wp-json\/wp\/v2\/pages"}],"about":[{"href":"https:\/\/voiletetreault.ca\/index.php\/wp-json\/wp\/v2\/types\/page"}],"author":[{"embeddable":true,"href":"https:\/\/voiletetreault.ca\/index.php\/wp-json\/wp\/v2\/users\/1"}],"replies":[{"embeddable":true,"href":"https:\/\/voiletetreault.ca\/index.php\/wp-json\/wp\/v2\/comments?post=261"}],"version-history":[{"count":1,"href":"https:\/\/voiletetreault.ca\/index.php\/wp-json\/wp\/v2\/pages\/261\/revisions"}],"predecessor-version":[{"id":276,"href":"https:\/\/voiletetreault.ca\/index.php\/wp-json\/wp\/v2\/pages\/261\/revisions\/276"}],"wp:attachment":[{"href":"https:\/\/voiletetreault.ca\/index.php\/wp-json\/wp\/v2\/media?parent=261"}],"curies":[{"name":"wp","href":"https:\/\/api.w.org\/{rel}","templated":true}]}}